{"id":300341,"date":"2024-08-24T17:31:57","date_gmt":"2024-08-24T15:31:57","guid":{"rendered":"https:\/\/www.borncity.com\/blog\/?page_id=300341"},"modified":"2025-10-16T11:45:03","modified_gmt":"2025-10-16T09:45:03","slug":"den-blog-unterstuetzen","status":"publish","type":"page","link":"https:\/\/borncity.com\/blog\/den-blog-unterstuetzen\/","title":{"rendered":"Spenden"},"content":{"rendered":"<p>Die Blogs auf <em>borncity.com<\/em> finanzieren sich zwar haupts\u00e4chlich \u00fcber Werbung. Nicht jeder wird aber Werbung im Browser anzeigen lassen wollen. Wer die Inhalt der Blogs gut findet und die Arbeit auf borncity.com unterst\u00fctzen m\u00f6chte, kann dies auch in Form einer Spende tun.<\/p>\n<h2>Direkt\u00fcberweisung auf Bankkonto<\/h2>\n<p>Die f\u00fcr mich kosteng\u00fcnstigste M\u00f6glichkeit einer Spende bietet die Direkt\u00fcberweisung auf nachfolgendes Konto (Konto ab dem 19. Sept. 2024 verwenden, das alte Ing-Konto ist deaktiviert).<\/p>\n<p><img loading=\"lazy\" decoding=\"async\" class=\"\" src=\"https:\/\/borncity.com\/blog\/wp-content\/uploads\/2025\/10\/SpendenKonto-Blog.jpg\" alt=\"Spendenkonto Blog borncity.com\" width=\"560\" height=\"184\" \/><\/p>\n<blockquote><p>Zum Oktober 2025 wurde die Empf\u00e4ngerpr\u00fcfung (Verification of Payee) bei \u00dcberweisungen eingef\u00fchrt. Leser haben mich informiert, dass der Empf\u00e4nger bem\u00e4ngelt wurde. Ich habe den QR-Code und obige Angabe zum Inhaber durchg\u00e4ngig auf Gro\u00dfbuchstaben umgestellt. Damit sollte der Transfer eigentlich klappen &#8211; bei meiner Bank sind Gro\u00df-\/Kleinschreibung kein Problem.<\/p><\/blockquote>\n<h2>Spende \u00fcber Paypal<\/h2>\n<p>Eine weitere M\u00f6glichkeit zur Unterst\u00fctzung besteht \u00fcber Paypal &#8211; sollte aus Kostengr\u00fcnden aber m\u00f6glichst nicht unter 5 Euro liegen:<\/p>\n<form action=\"https:\/\/www.paypal.com\/cgi-bin\/webscr\" method=\"post\" target=\"_blank\"><input name=\"cmd\" type=\"hidden\" value=\"_s-xclick\" \/><br \/>\n<input name=\"hosted_button_id\" type=\"hidden\" value=\"BWGSYDKM8XEWE\" \/><input alt=\"Jetzt einfach, schnell und sicher online bezahlen \u2013 mit PayPal.\" name=\"submit\" src=\"https:\/\/borncity.com\/blog\/wp-content\/uploads\/2018\/05\/Paypal.jpg\" type=\"image\" \/><\/form>\n","protected":false},"excerpt":{"rendered":"<p>Die Blogs auf borncity.com finanzieren sich zwar haupts\u00e4chlich \u00fcber Werbung. Nicht jeder wird aber Werbung im Browser anzeigen lassen wollen. Wer die Inhalt der Blogs gut findet und die Arbeit auf borncity.com unterst\u00fctzen m\u00f6chte, kann dies auch in Form einer &hellip; <a href=\"https:\/\/borncity.com\/blog\/den-blog-unterstuetzen\/\">Weiterlesen <span class=\"meta-nav\">&rarr;<\/span><\/a><\/p>\n","protected":false},"author":2,"featured_media":0,"parent":0,"menu_order":0,"comment_status":"closed","ping_status":"closed","template":"","meta":{"footnotes":""},"class_list":["post-300341","page","type-page","status-publish","hentry"],"_links":{"self":[{"href":"https:\/\/borncity.com\/blog\/wp-json\/wp\/v2\/pages\/300341","targetHints":{"allow":["GET"]}}],"collection":[{"href":"https:\/\/borncity.com\/blog\/wp-json\/wp\/v2\/pages"}],"about":[{"href":"https:\/\/borncity.com\/blog\/wp-json\/wp\/v2\/types\/page"}],"author":[{"embeddable":true,"href":"https:\/\/borncity.com\/blog\/wp-json\/wp\/v2\/users\/2"}],"replies":[{"embeddable":true,"href":"https:\/\/borncity.com\/blog\/wp-json\/wp\/v2\/comments?post=300341"}],"version-history":[{"count":0,"href":"https:\/\/borncity.com\/blog\/wp-json\/wp\/v2\/pages\/300341\/revisions"}],"wp:attachment":[{"href":"https:\/\/borncity.com\/blog\/wp-json\/wp\/v2\/media?parent=300341"}],"curies":[{"name":"wp","href":"https:\/\/api.w.org\/{rel}","templated":true}]}}